he thousands digit of 4598382?
8
What is the thousands digit of 816522?
6
What is the tens digit of 6024792?
9
What is the thousands digit of 413236?
3
What is the hundred thousands digit of 501652?
5
What is the hundred thousands digit of 1243408?
2
What is the thousands digit of 9202187?
2
What is the thousands digit of 579031?
9
What is the hundreds digit of 133574?
5
What is the thousands digit of 2573350?
3
What is the ten thousands digit of 7986784?
8
What is the thousands digit of 4576405?
6
What is the thousands digit of 263176?
3
What is the millions digit of 1248984?
1
What is the units digit of 133463?
3
What is the tens digit of 3798617?
1
What is the ten thousands digit of 67097?
6
What is the thousands digit of 2158845?
8
What is the millions digit of 1065894?
1
What is the tens digit of 270938?
3
What is the millions digit of 4017813?
4
What is the ten thousands digit of 807303?
0
What is the ten thousands digit of 113762?
1
What is the hundreds digit of 9778449?
4
What is the ten thousands digit of 64900?
6
What is the ten thousands digit of 3229148?
2
What is the millions digit of 21405563?
1
What is the hundreds digit of 6647125?
1
What is the hundred thousands digit of 374505?
3
What is the hundred thousands digit of 18520426?
5
What is the thousands digit of 25712?
5
What is the hundred thousands digit of 40609074?
6
What is the units digit of 12703761?
1
What is the ten thousands digit of 2671622?
7
What is the tens digit of 53051?
5
What is the tens digit of 314064?
6
What is the tens digit of 4275026?
2
What is the hundred thousands digit of 25482803?
4
What is the hundreds digit of 24364?
3
What is the units digit of 1052962?
2
What is the thousands digit of 6576059?
6
What is the thousands digit of 656174?
6
What is the ten thousands digit of 130091?
3
What is the tens digit of 2034222?
2
What is the ten thousands digit of 224497?
2
What is the hundred thousands digit of 713255?
7
What is the thousands digit of 2685418?
5
What is the units digit of 59565?
5
What is the ten thousands digit of 424633?
2
What is the thousands digit of 349069?
9
What is the tens digit of 1312147?
4
What is the thousands digit of 215098?
5
What is the ten millions digit of 26519729?
2
What is the units digit of 42002?
2
What is the hundred thousands digit of 114899?
1
What is the ten thousands digit of 457029?
5
What is the tens digit of 3735555?
5
What is the millions digit of 2382320?
2
What is the ten thousands digit of 391111?
9
What is the units digit of 394134?
4
What is the hundred thousands digit of 190526?
1
What is the ten thousands digit of 853641?
5
What is the hundreds digit of 1256257?
2
What is the tens digit of 7248889?
8
What is the thousands digit of 55715?
5
What is the tens digit of 1410814?
1
What is the tens digit of 21858?
5
What is the hundred thousands digit of 745299?
7
What is the hundreds digit of 74525?
5
What is the hundreds digit of 1251391?
3
What is the thousands digit of 3403394?
3
What is the ten millions digit of 11696430?
1
What is the thousands digit of 822404?
2
What is the tens digit of 10912676?
7
What is the tens digit of 334694?
9
What is the thousands digit of 599746?
9
What is the hundred thousands digit of 2675017?
6
What is the ten thousands digit of 1798112?
9
What is the hundred thousands digit of 160535?
1
What is the thousands digit of 949817?
9
What is the thousands digit of 50257?
0
What is the hundred thousands digit of 213403?
2
What is the thousands digit of 993249?
3
What is the hundred thousands digit of 350927?
3
What is the ten thousands digit of 821674?
2
What is the millions digit of 3217771?
3
What is the units digit of 9855932?
2
What is the hundred thousands digit of 19598602?
5
What is the hundred thousands digit of 824118?
8
What is the millions digit of 11654953?
1
What is the tens digit of 5423057?
5
What is the millions digit of 1141747?
1
What is the hundreds digit of 3079861?
8
What is the millions digit of 7307356?
7
What is the hundreds digit of 772736?
7
What is the ten thousands digit of 3421665?
2
What is the ten thousands digit of 4253194?
5
What is the units digit of 18602?
2
What is the hundreds digit of 5013967?
9
What is the tens digit of 450520?
2
What is the units digit of 633661?
1
What is the tens digit of 1060672?
7
What is the hundreds digit of 1015150?
1
What is the hundreds digit of 2870342?
3
What is the hundreds digit of 1454031?
0
What is the ten thousands digit of 674917?
7
What is the hundred thousands digit of 329315?
3
What is the thousands digit of 92048?
2
What is the hundreds digit of 8890629?
6
What is the units digit of 183780?
0
What is the ten thousands digit of 290324?
9
What is the tens digit of 3218655?
5
What is the hundred thousands digit of 518447?
5
What is the millions digit of 1709438?
1
What is the ten thousands digit of 12387651?
8
What is the tens digit of 214136?
3
What is the thousands digit of 3123707?
3
What is the ten thousands digit of 65186?
6
What is the hundreds digit of 3681221?
2
What is the thousands digit of 213681?
3
What is the hundreds digit of 722379?
3
What is the ten thousands digit of 74007?
7
What is the units digit of 129983?
3
What is the units digit of 20993?
3
What is the hundred thousands digit of 656098?
6
What is the hundreds digit of 153348?
3
What is the thousands digit of 743106?
3
What is the hundreds digit of 2954021?
0
What is the millions digit of 1387204?
1
What is the thousands digit of 2007754?
7
What is the hundred thousands digit of 202518?
2
What is the ten thousands digit of 152741?
5
What is the millions digit of 7872046?
7
What is the tens digit of 1023707?
0
What is the hundred thousands digit of 4892796?
8
What is the thousands digit of 844314?
4
What is the tens digit of 640780?
8
What is the thousands digit of 1201442?
1
What is the millions digit of 1061736?
1
What is the units digit of 440520?
0
What is the millions digit of 13424473?
3
What is the ten thousands digit of 9037927?
3
What is the millions digit of 2798792?
2
What is the ten thousands digit of 1771534?
7
What is the hundreds digit of 4669517?
5
What is the hundreds digit of 912648?
6
What is the ten thousands digit of 1023059?
2
What is the tens digit of 92939?
3
What is the hundreds digit of 519547?
5
What is the ten thousands digit of 3528886?
2
What is the tens digit of 299134?
3
What is the millions digit of 3095064?
3
What is the ten thousands digit of 15421849?
2
What is the ten thousands digit of 822416?
2
What is the hundred thousands digit of 16397237?
3
What is the tens digit of 1517273?
7
What is the hundred thousands digit of 197865?
1
What is the hundreds digit of 741463?
4
What is the units digit of 447038?
8
What is the hundreds digit of 111776?
7
What is the ten thousands digit of 795953?
9
What is the ten millions digit of 23274342?
2
What is the units digit of 2875345?
5
What is the units digit of 247760?
0
What is the units digit of 20803785?
5
What is the ten thousands digit of 8145775?
4
What is the thousands digit of 9657451?
7
What is the hundreds digit of 5254257?
2
What is the hundred thousands digit of 2833105?
8
What is the millions digit of 4670972?
4
What is the tens digit of 143313?
1
What is the millions digit of 4018314?
4
What is the ten thousands digit of 3802996?
0
What is the hundred thousands digit of 588498?
5
What is the thousands digit of 4671800?
1
What is the units digit of 387595?
5
What is the thousands digit of 78834?
8
What is the hundreds digit of 368350?
3
What is the ten thousands digit of 15428815?
2
What is the units digit of 1543017?
7
What is the hundreds digit of 13533275?
2
What is the ten thousands digit of 15245?
1
What is the tens digit of 1185963?
6
What is the tens digit of 502375?
7
What is the millions digit of 10500018?
0
What is the millions digit of 32272009?
2
What is the ten millions digit of 10344084?
1
What is the units digit of 330866?
6
What is the ten thousands digit of 19458561?
5
What is the ten thousands digit of 299598?
9
What is the units digit of 1501365?
5
What is the hundreds digit of 501503?
5
What is the millions digit of 5855258?
5
What is the ten thousands digit of 11449425?
4
What is the hundred thousands digit of 22254972?
2
